y + 375. List the prime factors of y.
3, 5
Let y(c) = 3*c**2 - 102 + 51 - 19*c + 53. Let w be y(6). List the prime factors of (w/(-12)*-1)/((-2)/18).
3
Let v(c) = -18*c - 100*c + 83 - 20. List the prime factors of v(-2).
13, 23
Let m(y) = -1107*y + 3302. List the prime factors of m(-16).
2, 7, 19, 79
Suppose 15*r = 14*r - 140. Let k = r + 101. Let i = 199 - k. What are the prime factors of i?
2, 7, 17
Let w(c) = c**2 - 5. Let h be (3/(-4))/((-7)/(-140)). Let x be (h/(-9))/((-1)/(-6)). What are the prime factors of w(x)?
5, 19
Suppose 67*m - 27*m = -37*m + 510202. What are the prime factors of m?
2, 3313
Let v(x) = -7605*x + 11387. List the prime factors of v(-6).
23, 37, 67
Let u(a) = 449*a**3 - 4*a**2 + 2*a + 1. Let v be u(1). What are the prime factors of (-42)/8*v/(-48)?
7
Let z(r) = 204*r**2 + 28*r - 80. What are the prime factors of z(6)?
2, 929
Let f = -372 - -378. Let d(n) = 118*n - 8. List the prime factors of d(f).
2, 5, 7
Suppose 2*g - 96*i + 97*i = 50729, 3*g = -2*i + 76091. What are the prime factors of g?
25367
Suppose 4*m - 25177 + 5869 = -4*a, 0 = 4*m + 5*a - 19300. What are the prime factors of m?
5, 967
Let m(u) = -u**3 + 17*u**2 - 24*u + 15. Let o = 177 + -163. List the prime factors of m(o).
3, 89
Let w = -4250 + 6901. What are the prime factors of w?
11, 241
Suppose 13*g + 45 = 18*g. Suppose 5*f - 130 = -b + 6*b, -3*f = -g. Let t(p) = -p**3 - 22*p**2 + 19*p - 22. What are the prime factors of t(b)?
2, 5, 7
Suppose 0 = -341*d - 83*d + 18619960. What are the prime factors of d?
5, 8783
Suppose 4*d = 5*b + 35 + 348, -4*b = -5*d + 472. Let r = 4 - -10. Let t = d + r. List the prime factors of t.
2, 53
Let c = 8032 + 2712. What are the prime factors of c?
2, 17, 79
Let a = 1011 + 9065. What are the prime factors of a?
2, 11, 229
Let x be (11/(275/2620))/((-2)/10). Let s = 246 + x. Let j = -116 - s. List the prime factors of j.
2, 3
Let q(t) = -1855*t - 829. List the prime factors of q(-3).
2, 37
Let f = 745 - 474. Suppose u - 197 = 2*p + f, 4*u - 5*p - 1869 = 0. What are the prime factors of u?
2, 233
Suppose 3*j - 50 = -5*a, 2*j = -2*j + 20. Let n(i) = i**2 + 24*i - 75. What are the prime factors of n(a)?
2, 71
Suppose 229*w - 883680 = 117*w. List the prime factors of w.
2, 3, 5, 263
Let y be (-520)/(-44) - (-1)/((-55)/(-10)). Let w(n) = 3*n**2 - 2*n - 31. What are the prime factors of w(y)?
13, 29
Let t(k) = -k**2 - 1. Let a(r) = 6*r - 13. Let f(y) = a(y) - t(y). Let o be f(7). Suppose 6*z - o = 5*z. List the prime factors of z.
79
Let c = 212 + -244. Let l = 445 - c. List the prime factors of l.
3, 53
List the prime factors of 36 + -53 - (-2 - 1419).
2, 3, 13
Suppose 103 + 481 = 4*v - 4*k, 3*v = 2*k + 434. Let g = v + 53. Let a = g - 102. List the prime factors of a.
3, 31
Suppose 4*n - 1495 = -5*y, 3 + 2 = n. List the prime factors of y.
5, 59
Suppose -5*m - 141 = 3*l, 3*l + 112 = -2*m - 20. Let p = l - -32. What are the prime factors of 2/5 - 2746/p?
5, 11
Let g(y) = 2*y**2 - 7*y - 25. Suppose -5*l + 7 = 47. List the prime factors of g(l).
3, 53
Let j(v) = -45*v - 85. Let q be j(-12). Suppose -6*d + 452 = 4*w - 2*d, -4*w + q = 5*d. List the prime factors of w.
2, 5, 11
Let u(q) = -21*q - 3 + 1 + 21 - 10*q**2 + 8*q. Let r be u(-9). List the prime factors of r/(-8) - 1/4.
2, 3, 7
Suppose 8*q = 5*q + 96. Let h = -30 + q. List the prime factors of (11 - -74) + -3 + h.
2, 3, 7
Let q(k) = k**3 - 7*k**2 - 18*k - 7. Let z(a) = 4*a - 32. Let j(u) = 1. Let d(t) = -2*j(t) - z(t). Let g be d(5). What are the prime factors of q(g)?
113
Let y(q) = -14*q - 6. Let i be y(-9). Suppose 0*m = 3*m - i. Suppose -13*h + 1288 = m. List the prime factors of h.
2, 3
Let t(m) = -m**3 - m**2 - 3*m + 175. Suppose 0 = -i + 3*f + 9, 0 = 5*f + 12 + 3. List the prime factors of t(i).
5, 7
Let z = -117 - -288. Suppose 4*d - z = 105. Let q = d - 36. What are the prime factors of q?
3, 11
Suppose 12*l - 2366 - 4522 = 0. Let h = l + -387. List the prime factors of h.
11, 17
Let v(t) = 3*t**2 - 8*t - 176. Let o be v(30). Suppose 8*h = 6*h - 4*z + o, 0 = 2*z - 6. List the prime factors of h.
2, 71
Let l(i) = -i**2 + 4*i + 2. Let v be l(2). Let u(d) = d**2 - 2*d - 13. Let q be u(v). List the prime factors of (-10)/(-1 - (-9)/q).
5, 11
Suppose 6*u - 14*u + 5480 = 0. Let w = u + -307. What are the prime factors of w?
2, 3, 7
Suppose -o + 5151 = -4*d - 0*o, 2*d - 4*o = -2572. List the prime factors of -1*24/32*d.
2, 3, 7, 23
List the prime factors of 56181/18 + (-45)/270.
3121
Suppose -23067 = -11*x + 16929. List the prime factors of x.
2, 3, 101
Suppose -9*n + 3*w = -14*n + 29456, w + 17682 = 3*n. List the prime factors of n.
71, 83
Let r be ((382/(-3))/1)/(76/(-114)). Suppose r = v - 133. List the prime factors of v.
2, 3
Let h = 63179 - 20712. List the prime factors of h.
42467
Let y = -346 + 323. Let u(i) = -39*i + 133. List the prime factors of u(y).
2, 5, 103
Suppose x = -15*x + 2832. Suppose -p - 5*r - x = -3*p, 0 = p + 5*r - 96. List the prime factors of p.
7, 13
Let z = -14914 + 35888. List the prime factors of z.
2, 10487
Suppose -93*b + 256*b + 412166 - 2433529 = 0. List the prime factors of b.
12401
Let i = 10479 - 2972. What are the prime factors of i?
7507
Suppose 4*v - 26 = -18. Suppose -10 = -v*j, 3*u = j - 6 + 13. Suppose -614 = -3*t - u*l - 147, -2*t + 310 = 2*l. List the prime factors of t.
3, 17
Let f = 51416 + -25609. What are the prime factors of f?
131, 197
Let s(n) = n**3 + 73*n**2 - 13*n - 452. What are the prime factors of s(-73)?
7, 71
Suppose -4*d + 1810 = -8*x + 6*x, 4*x + 3626 = 2*d. Let b = x - -1087. What are the prime factors of b?
2, 3, 5
Let r be 907 - 1/(2/(-2 - 0)). Let t = 1865 - r. What are the prime factors of t?
3, 11, 29
Let q = -1253 + 1755. Let z = -220 + q. Suppose -4*s = 5*t - 174 - 412, -2*s + 3*t + z = 0. What are the prime factors of s?
2, 3
Let b(u) = -u**3 - 54*u**2 + 4*u - 930. What are the prime factors of b(-58)?
2, 3, 683
Let a be 2 + (248/(-3))/(1/(-3)). What are the prime factors of (-8)/2 - (-7 - a - -6)?
13, 19
Let g be 3*20/(-3) - -4. Let j = g + 19. List the prime factors of (22/(-1))/(j/(-18)).
2, 3, 11
What are the prime factors of (-93624)/96*(1 + -5)?
47, 83
Let y be 24/9 - 2/3. Suppose 0 = h - b - 7, 5*b - 10 - 25 = -5*h. Suppose -h*d = y*d - 27. What are the prime factors of d?
3
Let d = 1706 + -2497. List the prime factors of d/(-1) + -89 + 83.
5, 157
Suppose 271*y + 56 = 264*y. List the prime factors of 8/(-5)*20/y.
2
Let k(a) be the third derivative of a**5/20 + a**4/8 - a**3/6 + 16*a**2. Let m be k(-5). Let s = m - -70. What are the prime factors of s?
3, 43
Let d(c) = 22*c**3 + 4*c**2 + 13*c + 6. What are the prime factors of d(7)?
3, 13, 67
Suppose 2*u - 24221 = -4*d + 59437, -41833 = -2*d - 5*u. List the prime factors of d.
2, 10457
Suppose 0 = -338*i + 690*i - 335*i - 631737. List the prime factors of i.
3, 4129
Let r(f) = f**3 - 3*f**2 - 9*f + 3. Let s be r(5). Suppose -2*l = -4*m - 780, -4*l = -6*m + s*m - 1600. List the prime factors of l.
2, 199
Suppose 4578 = 7*c + 6*c - 45472. What are the prime factors of c?
2, 5, 7, 11
Suppose -3*l + 174 = s, 178 = s - 4*l + 9*l. Let w = s - -416. List the prime factors of w.
2, 73
Suppose -65*c + 24*c + 369 = 0. Suppose c*b - 5970 = 4614. What are the prime factors of b?
2, 3, 7
Let n = -6354 + 12875. What are the prime factors of n?
6521
Let c = 55 + -159. Let v = c + 100. List the prime factors of 228 + 20/(-5) + v.
2, 5, 11
Suppose 18*x + 4*c = 20*x - 3274, 0 = 4*x + c - 6593. What are the prime factors of x?
3, 61
Let i(t) be the third derivative of -t**4/3 + 17*t**3/3 + 71*t**2. What are the prime factors of i(3)?
2, 5
Suppose 129*k - 21910 = 139*k. Let m = -1461 - k. List the prime factors of m.
2, 5, 73
Suppose 3*t = -3*j + 25824, -28545 = -4*t - j + 5899. What are the prime factors of t?
2, 2153
Suppose -5*z + 42 = -8. Suppose 0 = -3*q, 4*c + 5*q - z = 6. Suppose c*p = 8, -2*p - 19 = -5*n + 27. What are the prime factors of n?
2, 5
Let f = -92 - -112. List the prime factors of (-2 + (-7024)/f)/((-4)/10).
883
Suppose 1027*t - 21966 = -2*v + 1031*t, 4*t - 21982 = -2*v. What are the prime factors of v?
10987
Let b(t) = 3*t + 120. Let f be b(24). Suppose -2*h = 2*h - 52. Suppose 11*x = h*x - f. List the prime factors of x.
2, 3
Let z = 1051